30 = 5*h. Is k prime?
False
Suppose 2*n - 213 = 5*n. Let o = -20 - n. Is o a composite number?
True
Let t be (-1)/(-2)*(-3 - -1019). Suppose -a - 533 = -4*c, 4*c + 0*a + 4*a = t. Let l = 191 - c. Is l a prime number?
True
Suppose -2018 = -3*m + 1768. Is m prime?
False
Let h(m) = -m**3 - 2*m**2 - 9*m - 1. Suppose -2*l = -2 + 4. Let d(n) = -n**2 - n - 1. Let f(s) = l*h(s) + 6*d(s). Is f(4) a prime number?
True
Let m(x) = 145*x - 1. Let q(u) = -u**3 + 6*u**2 + 8*u - 5. Let n be q(7). Is m(n) a prime number?
False
Suppose 3*c = 5*c - 78. Is c prime?
False
Let n = -101 - -155. Suppose 5*x = 5*m + 105, -3*x - 4*m - n + 152 = 0. Is x a prime number?
False
Let t = 8 - 0. Suppose 3*a - t*a + 955 = 0. Suppose 5*w - 2*o - a = 0, 2*o - 4 = -w + 27. Is w composite?
False
Suppose -20 = -4*x, -3*p = -2*p - 5*x + 20. Let c(f) = 0*f + 0*f + 7*f**2 + f - f**3 - 4*f. Is c(p) composite?
True
Let l(m) = 3*m + 2. Let b(s) = -5*s - 4. Let g(o) = 4*b(o) + 7*l(o). Let a be g(7). Suppose j = a*y + 93 - 355, 2*y - 3*j - 97 = 0. Is y composite?
False
Suppose -y = -2*h + 41, 2*y = 3*y - h + 38. Let a(v) = v**3 + 2*v**2 - 2*v + 7. Let b be a(-5). Let l = y - b. Is l composite?
False
Let r = 234 - 80. Suppose -3*k = -r + 43. Is k prime?
True
Suppose 0 = 7*b - 9*b - 102. Let n = b + 164. Is n a composite number?
False
Suppose 4*y - y = 0. Suppose y*z - 6 = -z. Is (-563)/(-5) - z/(-15) a composite number?
False
Let o(d) = d**3 + 2*d**2 + 3*d - 3. Let m = 1 + 2. Suppose -4*q + 4 = 4*y - m*q, -18 = -y + 4*q. Is o(y) prime?
True
Let g = 506 - 349. Is g a composite number?
False
Let i(u) = -2*u**3 - 16*u**2 - 19*u - 18. Is i(-11) composite?
True
Let w(t) = -t - 2*t + 26 - t + 3*t. Let g be w(0). Let r = g - 15. Is r composite?
False
Suppose -23*d = -19*d - 568. Is d composite?
True
Let g(j) = 2*j + 5*j**2 - 2*j**3 - 5*j**2 + 1 + 2*j**2 - j**3. Is g(-1) a composite number?
True
Suppose 2*b + o + 1230 = 6*b, b + 3*o - 301 = 0. Is b a composite number?
False
Suppose 4*n - f = 0, -4*n + 0*f = 2*f. Suppose n = 3*z + 4*k - 10, 5*k - k = z + 2. Suppose 0 = -z*d + 3*q + 63, 4*q + 61 = 2*d + 3. Is d a prime number?
False
Suppose 5*c - 996 = -111. Is c a composite number?
True
Suppose -d - 39 = -160. Let u = d + -67. Suppose 0 = 4*a - 30 - u. Is a a composite number?
True
Let a be ((-32)/6)/((-6)/9). Let f(w) = 4*w**3 - w**2 - w - 9. Is f(a) a prime number?
False
Suppose 0 = 5*t - 4*q - 191, -2*t - 2*t = -q - 144. Suppose t = -u + 6*u. Is u composite?
False
Let w be 67/3 + (-12)/(-18). Let l = 3 + w. Is l a composite number?
True
Let m = -10 + 12. Is 1/m*2 - -52 prime?
True
Let o = 1 + 0. Let m = o - -4. Suppose 3*x + m*w - 3 = 3, 0 = 5*w. Is x a prime number?
True
Suppose 0 = -4*g + 125 + 639. Is g prime?
True
Let n be ((-16)/(-12))/((-1)/393). Let f = -193 - n. Is f a prime number?
True
Let o be (-488)/(-12) - (-2)/6. Suppose -3 = 2*j - o. Is j prime?
True
Is 7/(-14) - 255/(-2) a composite number?
False
Suppose -145 = -4*j + 2*r + r, 0 = j - 4*r - 33. Is j a composite number?
False
Let m(a) = 6*a**2 - 2*a. Let q be m(2). Let r = 43 - q. Is r a prime number?
True
Suppose 2*f + 2*w + 1070 = 6*f, -5*w - 820 = -3*f. Is f prime?
False
Suppose -3*n + 2*n + 25 = 0. Is n a prime number?
False
Let s be ((-56)/42)/((-2)/123). Let i = s - -33. Is i a composite number?
True
Suppose 2*s - 19 = -3*y - 0*s, 4*y = -2*s + 22. Suppose -7*t = -y*t - 804. Is t a prime number?
False
Suppose 4*k - 747 + 251 = 0. Suppose -3*h - 8 = -5*h. Suppose h*n = 4*s - 616, -6*n = s - n - k. Is s a composite number?
False
Let h be -1*0*2/2. Suppose 0 = 4*p - 0 + 4, 3*l - 5*p - 14 = 0. Suppose k - l*o - 22 = h, -3*k + 4*o + 38 = -3. Is k prime?
True
Let t be (0 - 3)*8/(-12). Suppose -t*q + 43 + 571 = 0. Is q composite?
False
Suppose 1114 = -124*v + 126*v. Is v a composite number?
False
Suppose 0 = -7*n + 3*n + 456. Let b = 285 - n. Suppose -b = -2*l - 3*l + 4*c, -5*l + 177 = 2*c. Is l composite?
True
Suppose 0 = 3*m + 2*m. Suppose -2*o + m*o - 4*s = -826, -o + 431 = -4*s. Is o composite?
False
Let q(r) = 240*r**2 + 8*r + 19. Is q(-3) prime?
False
Let z = -12 - -3. Is (-6)/(-4)*(-462)/z composite?
True
Let x(h) = 4*h**3 - 19*h**2 - 21*h - 5. Let y(b) = -2*b**3 + 9*b**2 + 10*b + 2. Suppose -6 = a - 0. Let u(l) = a*x(l) - 13*y(l). Is u(3) a prime number?
True
Is 298/2 + 2 + -2 composite?
False
Is (-13 + 32)*2/2 composite?
False
Let s(z) = 18*z**2 + 3*z + 4. Is s(5) a prime number?
False
Is 7/(28/(-8)) + 133 composite?
False
Let u be 14/2 - (-1)/(-1). Suppose 3*o = -2*p + u*o + 114, 171 = 3*p - o. Is p a prime number?
False
Let w(q) = -q**3 + 3*q**2 + 5*q + 7. Let t = 10 + -16. Is w(t) a prime number?
False
Let k = -2420 + 3571. Is k prime?
True
Suppose 0 = 5*q - 0*r - 2*r - 30441, -4*q + 2*r + 24352 = 0. Is q a prime number?
True
Is (0 - 789/9)*-3 a prime number?
True
Let n(j) = 4*j**2 - 6*j + 3. Is n(-5) composite?
True
Let b = 503 + -292. Is b prime?
True
Suppose 2*r - r + 2 = 0. Let y(c) = -7*c + 1. Is y(r) composite?
True
Let b = -3072 - -5009. Is b a prime number?
False
Is 0/((-12)/(-4)) - -347 a prime number?
True
Suppose 0 = p - 22 + 142. Let n = p + 209. Is n a composite number?
False
Suppose c = -3*n + 2932, -4*n + 3911 = 5*c - 4*c. Is n prime?
False
Suppose -3*z = -3*t + 30966, 2*z + 20642 = -t + 2*t. Is 2/11 - z/110 composite?
True
Let y = -518 + 940. Is y a prime number?
False
Is (-8)/(-3)*619 - (-1)/3 prime?
False
Let o = 28 + -2. Let f = o - -57. Is f a prime number?
True
Let x = -47 - 9. Let q = x - -78. Is q composite?
True
Is 13909/63 - 4/(-18) composite?
True
Let h(s) = s**3 + 12*s**2 + 12*s - 11. Let p = -22 - -11. Let g be h(p). Is 10*g/12*-3 a composite number?
True
Suppose -3*v - 3*d = 341 - 2249, -3*d = 2*v - 1267. Is v prime?
True
Suppose -5*a + 42 = -3*d + 11, 3 = d + a. Is d/5 - (-4468)/20 a prime number?
True
Let j = -127 - -180. Is j a composite number?
False
Suppose -4*r + 285 = -r. Is r composite?
True
Let x = 28 - -6. Suppose -p - p = x. Let s = p + 27. Is s a composite number?
True
Let b(s) = 118*s + 1. Suppose -4*k - 15 = 5*f, -f - 3 + 0 = 5*k. Suppose 0 = -2*m + 2 - k. Is b(m) prime?
False
Let k(a) = a**3 + 18*a**2 + 31*a + 13. Is k(-15) a prime number?
True
Let i(a) = -a**3 + 13*a**2 - 13*a + 17. Let h be i(12). Suppose -h*l = -500 - 735. Is l a composite number?
True
Let o(v) = v**2 + 6*v - 7. Let q(p) = 6*p**2 + 31*p - 36. Let j(i) = -11*o(i) + 2*q(i). Is j(-6) a prime number?
False
Let r(g) = -g**3 + 6*g**2 + 8*g - 5. Let p be 2/4 - 26/(-4). Let t be r(p). Let v(f) = f**3 + 4*f**2 - 3*f + 1. Is v(t) a composite number?
False
Let a(f) = 2*f - 7. Let k be 0 - (4 + -2 + 2). Let m = k - -12. Is a(m) a composite number?
True
Is -2 - (-3)/(6/146) composite?
False
Let k = 5325 - -848. Is k prime?
True
Let z(u) = -u - 6. Let a be z(-5). Is (a + (-984)/9)*-3 a composite number?
False
Suppose 12 = 5*k - 3*k. Let c(f) = f**3 - 3*f**2 - 9*f + 1. Is c(k) composite?
True
Let s(a) = -4*a**3 - 3*a**2 - 3*a + 1. Let p be s(-4). Let m = p + -60. Is m prime?
False
Let b be (2/(-5))/((-1)/5). Suppose -3*g - 13 = 4*m, 0*g + g - 5*m - 21 = 0. Is (-254)/b*(-1)/g composite?
False
Let h = -4 - -10. Let l = h + -3. Is 3 + (l/(-3) - 0) composite?
False
Let x(p) = -8*p**3 - 3*p**2 - p - 1. Let i = -14 - -12. Is x(i) a composite number?
False
Let a = 294 + -120. Suppose a = -3*x + 6*x. Is x a composite number?
True
Let x(a) = a**2 - 4*a - 7. Let b be x(7). Let j be 74/(-14) - (-4)/b. Is 14/j*5/(-2) prime?
True
Suppose -3*i = -4*i + 65. Suppose 4 = 2*n, v - i = -3*n + 96. Is v a composite number?
True
Let y(d) be the first derivative of -d**2 - 2*d + 1. Let h be y(-2). Suppose 0 = h*x - 4*x + 118. Is x composite?
False
Suppose 5*q = k + 18, k + 22 = 4*q + 8. Suppose 2*a + 3*a - 3*n - 6 = 0, -q*a + 3*n + 6 = 0. Suppose 0*d - d + 89 = a. Is d prime?
True
Let j = 1311 - 636. Suppose 4*r + j = 5*d, 3*d - 2*d - 126 = -r. Is d a prime number?
True
Suppose n - u = 6*n + 6, -4*u + 18 = -n. Is (-67)/n - (-1)/(-2) composite?
True
Suppose -5*n - 2*q - 15 = 0, 5*n - 4*q - 14 = 1. Let j(o) = -37*o**3 + o**2 + o + 1. Is j(n) composite?
True
Suppose 4*n - 2*n = 12. Let w = n - -45. Is w prime?
False
Let h = -3 - -3. Suppose 290 = -h*v + 2*v. Suppose -3*c - v = -4*z, -2*z + 2*c + 71 = -c. Is z a prime number?
True
Suppose 0 = n 